ed by 7.
5
Suppose 5*m - i = 9, -30 = -m + 5*i - 9. What is the remainder when 2 is divided by m?
0
Suppose 0 = -5*r - 2*w + 272, 2*r - 4*w - 78 - 50 = 0. Let c = -131 + r. Calculate the remainder when 1/(-2) + c/(-6) is divided by 7.
5
Calculate the remainder when 3 - (-24 - (3 + -1)) is divided by ((-3)/2)/(9/(-60)).
9
What is the remainder when 8/(-3 + (-46)/(-14)) is divided by 16?
12
What is the remainder when 3 is divided by 44/20 + (-2)/10?
1
Suppose 125 + 139 = 2*f. What is the remainder when f is divided by 27?
24
Let t(r) = -r + 2. Let k be t(0). Suppose -k*n - n = -18. Suppose 3*i = 4*i - n. Calculate the remainder when i is divided by 4.
2
Let k = -13 + 45. What is the remainder when k is divided by 21?
11
Suppose -2*w + 14 = -14. What is the remainder when 97 is divided by w?
13
Let m be 18/15 + 12/15. Suppose -m*y - 27 = -2*i + 7, 5*i - 53 = -3*y. Calculate the remainder when 36 is divided by i.
10
Suppose -3*n + 28 = -4*w, -3*n + 8 = 2*n + 3*w. Suppose -q + 3*g = 2*q - 24, 3*g = n*q - 32. Calculate the remainder when 21 is divided by q.
5
Suppose -6*j + 8*j = 28. Let o(s) = -s**3 - s**2 + 23. What is the remainder when o(0) is divided by j?
9
Let h = -8 - -14. What is the remainder when 11 is divided by h?
5
Let n = -16 + 44. What is the remainder when 82 is divided by n?
26
Let z(p) = -9*p - 24. What is the remainder when z(-11) is divided by 7?
5
Let l(a) = -5*a - 2. Let j be l(7). Let z = j + 68. Calculate the remainder when z is divided by 11.
9
Suppose -5*f + 46 = -24. Calculate the remainder when f is divided by 204/34*(-2)/(-3).
2
Suppose 3*l + 4*t - 50 = 0, -t = -5*l - 12 + 57. Calculate the remainder when 15/l*(-46)/(-3) is divided by 12.
11
Suppose 233 = 5*b - 352. What is the remainder when b is divided by 40?
37
Suppose 2*c = 3*c. Suppose c = z - 13 - 7. Suppose 0 = p + 3*r - 32, 28 = p + 2*r + 3*r. What is the remainder when p is divided by z?
18
Suppose -g - 95 = -6*g. Suppose 0 = -4*r - p - 0*p + 24, 4*r - 40 = 3*p. What is the remainder when g is divided by r?
5
Suppose m = h - 33, -2*m = -0*m - 6. What is the remainder when h is divided by 19?
17
Suppose 800 = 5*c + 110. Calculate the remainder when c is divided by 35.
33
Suppose 2*b - 2*r + 38 = -0*b, 0 = -4*r - 20. Let l = 45 + b. Calculate the remainder when l is divided by 11.
10
Let d = -10 + 17. What is the remainder when ((-2)/4)/((-5)/130) is divided by d?
6
Let o = 6 + -2. What is the remainder when 16 is divided by o?
0
Suppose 21 + 19 = 5*r. Calculate the remainder when 21 is divided by r.
5
Suppose 5*h - 2*h = 33. Let k = 24 - h. What is the remainder when 51 is divided by k?
12
Suppose 2*o = -0*o. Suppose 2*u + 231 = 5*p - o*p, 87 = 2*p + u. Calculate the remainder when 6/((p/24)/5) is divided by 9.
7
Let c be (-2 - 30/(-4))*6. Suppose 4*n + c = 3*o, 2*o + 2 = o - 3*n. Let x = 12 + o. What is the remainder when 56 is divided by x?
18
Let u(r) = -6*r - 25. What is the remainder when u(-6) is divided by 2?
1
Let b(s) = 70*s**2 + 2*s + 1. Let x be b(-1). Suppose 4*o + 17 = x. What is the remainder when 38 is divided by o?
12
Let p be (5 + -3)*-1 + 1. Let x = p + -2. What is the remainder when 29 is divided by 15*(-2 - x)*1?
14
Suppose 5*y + y = 48. Calculate the remainder when 15 is divided by y.
7
Let j(g) = 4*g**2 - 2*g + 4. Let z be j(5). What is the remainder when 12 is divided by z/18 + 16/(-72)?
2
Let h = -76 - -114. Suppose 4*r + 4 + 16 = 0, 5*d + 5*r = -265. Calculate the remainder when h is divided by d/(-3)*(-5)/(-4).
18
What is the remainder when 37 is divided by (-4)/(-6) + (-122)/(-6)?
16
Calculate the remainder when 56 is divided by 4/8 + 117/6.
16
Let t(y) = 2*y + 6. Let p be t(-4). Let q(v) = -9*v + 1. Calculate the remainder when 1*55*(-1)/(-1) is divided by q(p).
17
Suppose 627 = 5*p - 5*i + i, -5*p - i = -612. What is the remainder when p is divided by 14?
11
Let j = -56 + 134. Let a = -52 + j. What is the remainder when a is divided by ((-7)/(-3))/((-3)/(-18))?
12
Let i(k) = 3*k**2 + 3*k - 2. What is the remainder when 4 is divided by i(1)?
0
Suppose d - 34 = 5*i, -3*i - 50 = -2*d + i. Calculate the remainder when d is divided by 11.
8
Let o be (-16)/(-6) - 2/3. Suppose 4*r - 13 = -5, -2*u - o = -4*r. Calculate the remainder when 40 is divided by 0/(u/1) - -21.
19
Let q(s) = s**3 + 9*s**2 + 8*s. Let u be q(-8). Suppose -f - f - 10 = u. Let a(d) = 2*d**2 + 3*d + 7. Calculate the remainder when a(f) is divided by 22.
20
Let h = 27 - 21. What is the remainder when 17 is divided by h?
5
Let w = -2 + 2. Let h(r) = -r**3 + r + 34. Calculate the remainder when h(w) is divided by 12.
10
Suppose 6*p = -14 + 248. What is the remainder when 153 is divided by p?
36
Suppose -5*y = 5*k - 45, -5*k + 2*y = -0*y - 73. Calculate the remainder when k is divided by 8.
5
What is the remainder when 0 - -91 - 16/(-4) is divided by 32?
31
Calculate the remainder when 62 is divided by (-1 + -23)/((30/4)/(-5)).
14
Let a(f) = f**3 - 7*f**2 - 5*f - 7. What is the remainder when a(8) is divided by 10?
7
Suppose 5*d = 7*d - 4. Let o = d - -8. What is the remainder when o is divided by 4?
2
Let z = -27 + 42. Calculate the remainder when 26 is divided by z.
11
Suppose j + 4*u = 20 - 3, 16 = j + 3*u. Calculate the remainder when 48 is divided by j.
9
Suppose -4*p + 99 = 3*z, 0*z = 3*p + 2*z - 74. Calculate the remainder when p is divided by 9.
6
Let w(o) = -o**2 + 2*o + 5. Let j be w(0). Suppose -y = 3*y - j*k - 172, 5*y + 2*k = 215. What is the remainder when y is divided by 23?
20
Let o = -18 - -38. What is the remainder when o is divided by 12?
8
Suppose 2*f = 4*j + 12, 2*j + 4*f = -f - 30. Let p = 16 + j. Suppose 2*x - 4 = 4. What is the remainder when p is divided by x?
3
Let k = 10 + -2. What is the remainder when (-60)/(-4 - 0) - 0 is divided by k?
7
Let v = 39 + -30. Calculate the remainder when 96 is divided by v.
6
Let g(b) = -b**3 - 4*b**2 - b. Calculate the remainder when g(-5) is divided by 8.
6
Let r = 34 - 15. Let y = r + -7. Let q = 38 - 16. What is the remainder when q is divided by y?
10
Let t be 10/(0 - 1/(-1)). What is the remainder when (4/t)/((-3)/(-135)) is divided by 10?
8
Suppose 0 = 2*f + 2*f - 16. Suppose 0*l + 4*j = -l - 10, f*l + 4*j + 40 = 0. Let p = l - -24. Calculate the remainder when p is divided by 5.
4
Let s(o) = -o + 154. Let u be s(0). Let y = u - 104. What is the remainder when y is divided by 17?
16
Suppose 4*t + g = 4*g - 438, 5*g - 323 = 3*t. Calculate the remainder when (t/(-2))/((-3)/(-2)) is divided by 13.
11
Calculate the remainder when 8 is divided by (30/(-9))/((-12)/18).
3
Suppose t + 35 = 6*t - 5*q, -3*t = 3*q + 9. Suppose -3*y + 5*r = -6 - 5, 0 = 4*y + t*r - 32. What is the remainder when y is divided by 4?
3
Suppose 0*w = 5*w + 30. What is the remainder when (-4)/w + (-237)/(-9) is divided by 14?
13
Suppose -62 + 90 = 4*p. What is the remainder when 20 is divided by p?
6
Let a be (-2 - 10/(-2)) + -2. Let f be (-2 + 1)*(1 - a). Suppose f = -t + 14. Calculate the remainder when 39 is divided by t.
11
Let l(n) = n**2 + 7*n + 3. What is the remainder when 42 is divided by l(-8)?
9
Suppose 35 = 2*c + 3*c. Suppose 3*m = m + 52. Calculate the remainder when m is divided by c.
5
Let s be (-8 - 0) + (6 - 3). Calculate the remainder when 22 is divided by 0 - (s - (-1)/(-1)).
4
Let a(b) = -b + 1. Let u be a(6). Let z(j) = -8*j - 3. Calculate the remainder when z(u) is divided by 13.
11
Suppose 2*r - r = 91. What is the remainder when r is divided by 23?
22
Let o(q) = q**3 - 5*q**2 + 2*q. Calculate the remainder when o(5) is divided by 6.
4
Calculate the remainder when (-609)/(-29) + -1*3 is divided by 9.
0
Suppose 0*n + 2*n = -5*q + 2, -3*n + 2*q = -41. Calculate the remainder when 64 is divided by n.
9
Calculate the remainder when 94 is divided by (189/(-18))/((-33)/12 + 2).
10
Let j = 2 + 0. Let b(p) = 2*p**3 - 2*p - 1 + 6*p**2 + 0 - 4*p**2. Calculate the remainder when 55 is divided by b(j).
17
Let d(u) = u + 7. Let k be d(-7). Suppose -4*h - h + 17 = 3*g, k = -4*h + 3*g + 19. Calculate the remainder when h is divided by 3.
1
Let o(r) = 4*r - r**2 + 3*r + 0*r + 4. Let s be o(7). Suppose 2*f = 4*f - s. Calculate the remainder when f is divided by 1.
0
Suppose o - 2*j + 5 = 4*o, -35 = -3*o + 4*j. Calculate the remainde